47?
False
Is 4485 a multiple of 69?
True
Is 45640 a multiple of 23?
False
Does 141 divide 1974?
True
Does 9 divide 14?
False
Does 35 divide 175?
True
Does 18 divide 64108?
False
Is 483 a multiple of 23?
True
Is 44 a factor of 20235?
False
Is 30014 a multiple of 159?
False
Is 100 a multiple of 19?
False
Is 71 a factor of 1979?
False
Does 36 divide 3880?
False
Does 165 divide 26358?
False
Is 20 a factor of 3420?
True
Is 144 a factor of 34416?
True
Is 93 a factor of 416?
False
Does 12 divide 2280?
True
Does 29 divide 2197?
False
Is 24 a factor of 31152?
True
Is 30360 a multiple of 46?
True
Is 1236 a multiple of 103?
True
Does 99 divide 7953?
False
Does 15 divide 9120?
True
Does 28 divide 504?
True
Is 100827 a multiple of 51?
True
Is 96 a factor of 8064?
True
Is 12 a factor of 109?
False
Does 34 divide 6975?
False
Is 137 a factor of 3699?
True
Does 20 divide 440?
True
Is 23 a factor of 2783?
True
Does 127 divide 18246?
False
Is 57 a factor of 140904?
True
Is 12958 a multiple of 62?
True
Is 1222 a multiple of 12?
False
Is 31363 a multiple of 24?
False
Is 120 a multiple of 2?
True
Is 52 a multiple of 40?
False
Is 3164 a multiple of 29?
False
Is 24 a factor of 144?
True
Is 3984 a multiple of 83?
True
Does 19 divide 2141?
False
Is 1380 a multiple of 6?
True
Is 1505 a multiple of 38?
False
Does 49 divide 2548?
True
Is 177 a factor of 56131?
False
Does 36 divide 576?
True
Does 6 divide 16434?
True
Is 1666 a multiple of 119?
True
Is 161 a factor of 58443?
True
Does 16 divide 670?
False
Is 27 a factor of 53029?
False
Is 134 a multiple of 5?
False
Is 1865 a multiple of 57?
False
Is 20 a factor of 554?
False
Is 19 a factor of 1119?
False
Is 32 a factor of 7392?
True
Does 6 divide 361?
False
Is 15 a factor of 132270?
True
Is 119 a multiple of 8?
False
Is 75 a factor of 675?
True
Is 65175 a multiple of 139?
False
Is 1372 a multiple of 89?
False
Is 3 a factor of 225?
True
Does 3 divide 120?
True
Is 720 a multiple of 8?
True
Is 145 a multiple of 29?
True
Is 10014 a multiple of 7?
False
Is 1760 a multiple of 22?
True
Is 13327 a multiple of 81?
False
Is 4561 a multiple of 3?
False
Is 94 a factor of 13912?
True
Does 57 divide 13680?
True
Is 96 a factor of 3222?
False
Is 19 a factor of 4918?
False
Is 8216 a multiple of 104?
True
Does 28 divide 4312?
True
Is 106974 a multiple of 14?
True
Is 7 a factor of 2730?
True
Is 6047 a multiple of 100?
False
Is 840 a multiple of 20?
True
Is 345 a multiple of 2?
False
Is 4 a factor of 3612?
True
Is 516 a multiple of 49?
False
Does 184 divide 15640?
True
Does 9 divide 1404?
True
Is 1040 a multiple of 16?
True
Is 835 a multiple of 12?
False
Is 4 a factor of 2112?
True
Does 65 divide 390?
True
Does 16 divide 3099?
False
Does 51 divide 1163?
False
Does 5 divide 6812?
False
Is 4 a factor of 10646?
False
Is 5 a factor of 63?
False
Does 40 divide 2623?
False
Does 50 divide 10953?
False
Is 9 a factor of 171?
True
Is 90 a multiple of 19?
False
Does 33 divide 297?
True
Is 95131 a multiple of 12?
False
Is 109260 a multiple of 14?
False
Does 4 divide 2968?
True
Is 34400 a multiple of 25?
True
Is 3696 a multiple of 12?
True
Is 1122 a multiple of 22?
True
Is 13034 a multiple of 49?
True
Is 11 a factor of 102?
False
Does 4 divide 780?
True
Is 37 a factor of 7215?
True
Is 336 a multiple of 29?
False
Is 89 a factor of 3039?
False
Is 1427 a multiple of 20?
False
Is 56828 a multiple of 15?
False
Is 702 a multiple of 3?
True
Does 125 divide 37103?
False
Does 19 divide 266?
True
Is 6780 a multiple of 10?
True
Is 17 a factor of 276?
False
Is 844 a multiple of 6?
False
Is 25 a factor of 9754?
False
Does 15 divide 64815?
True
Does 15 divide 5121?
False
Is 51 a factor of 326?
False
Is 870 a multiple of 12?
False
Is 5418 a multiple of 43?
True
Is 10387 a multiple of 221?
True
Is 20 a factor of 127?
False
Is 5823 a multiple of 34?
False
Is 49911 a multiple of 7?
False
Is 12 a factor of 2986?
False
Does 18 divide 486?
True
Is 40 a factor of 6026?
False
Does 13 divide 442?
True
Is 3308 a multiple of 19?
False
Is 5 a factor of 311?
False
Is 21 a factor of 3570?
True
Does 47 divide 761?
False
Does 49 divide 261?
False
Does 29 divide 3074?
True
Does 13 divide 4379?
False
Is 879 even?
False
Is 23520 a multiple of 42?
True
Does 354 divide 28320?
True
Is 3322 a multiple of 11?
True
Does 153 divide 3366?
True
Is 357 a multiple of 21?
True
Is 25 a factor of 13009?
False
Does 8 divide 1347?
False
Is 5400 a multiple of 135?
True
Is 21 a factor of 6833?
False
Does 79 divide 66834?
True
Is 39550 a multiple of 70?
True
Does 44 divide 969?
False
Does 116 divide 5417?
False
Is 216 a multiple of 12?
True
Is 42 a factor of 21714?
True
Does 3 divide 223?
False
Is 68 a factor of 4649?
False
Does 13 divide 376?
False
Does 43 divide 3010?
True
Is 7929 a multiple of 84?
False
Does 12 divide 663?
False
Is 26 a factor of 1028?
False
Is 17779 a multiple of 74?
False
Is 5 a factor of 3705?
True
Does 210 divide 50820?
True
Is 20 a factor of 1484?
False
Is 1298 a multiple of 18?
False
Is 4969 a multiple of 42?
False
Does 21 divide 34643?
False
Is 990 a multiple of 45?
True
Does 20 divide 10140?
True
Is 12 a factor of 19147?
False
Does 65 divide 14082?
False
Does 28 divide 448?
True
Is 97 a factor of 12439?
False
Does 114 divide 1738?
False
Is 3 a factor of 292?
False
Is 26 a multiple of 11?
False
Is 12 a factor of 5657?
False
Is 859 even?
False
Is 6308 a multiple of 62?
False
Is 18 a factor of 6475?
False
Is 544 a multiple of 32?
True
Is 1779 a multiple of 17?
False
Does 41 divide 15174?
False
Does 49 divide 784?
True
Is 539 a multiple of 11?
True
Does 186 divide 115698?
False
Is 6312 a multiple of 20?
False
Is 6 a factor of 7045?
False
Is 9 a factor of 1266?
False
Does 174 divide 69078?
True
Is 6 a factor of 444?
True
Is 61 a factor of 7601?
False
Is 1100 a multiple of 14?
False
Does 7 divide 74459?
True
Is 39 a factor of 14625?
True
Is 9 a factor of 3499?
False
Is 3096 a multiple of 36?
True
Is 16432 a multiple of 13?
True
Is 18 a factor of 90?
True
Is 3915 a multiple of 43?
False
Is 1675 a multiple of 53?
False
Is 10854 a multiple of 54?
True
Is 51 a factor of 10639?
False
Does 18 divide 896?
False
Is 17 a factor of 1474?
False
Does 11 divide 15098?
False
Is 25 a factor of 35175?
True
Is 4 a factor of 236?
True
Does 16 divide 1378?
False
Is 51 a factor of 7204?
False
Does 19 divide 15135?
False
Is 1375 a multiple of 25?
True
Is 65106 a multiple of 7?
False
Is 67 a factor of 1144?
False
Is 2241 a multiple of 27?
True
Does 91 divide 8372?
True
Does 22 divide 25182?
False
Does 51 divide 18513?
True
Does 81 divide 5265?
True
Does 43 divide 3583?
False
Does 9 divide 5861?
False
Does 7 divide 1960?
True
Is 897 a multiple of 69?
True
Is 35 a factor of 1225?
True
Is 43 a factor of 20202?
False
Is 4272 a multiple of 16?
True
Does 24 divide 457?
False
Is 48 a factor of 1344?
True
Is 12 a factor of 1104?
True
Does 66 divide 9038?
False
Is 3052 a multiple of 26?
False
Is 7013 a multiple of 16?
False
Is 2 a factor of 7?
False
Is 14 a factor of 23?
False
Is 21 a factor of 4345?
False
Does 6 divide 507?
False
Does 32 divide 27804?
False
Does 56 divide 616?
True
Is 3374 a multiple of 3?
False
Is 24093 a multiple of 29?
False
Is 2600 a multiple of 25?
True
Does 82 divide 492?
True
Is 285 a multiple of 6?
False
Does 13 divide 1914?
False
Is 9286 a multiple of 27?
False
Does 9 divide 2364?
False
Is 3 a factor of 3417?
True
Is 7 a factor of 3563?
True
Is 2436 a multiple of 14?
True
Does 46 divide 4644?
False
Is 4 a factor of 4813?
False
Is 114 a factor of 41496?
True
Is 666 a multiple of 37?
True
Is 5172 a multiple of 64?
False
Does 62 divide 3092?
False
Is 33033 a multiple of 7?
True
Is 7 a factor of 329?
True
Is 11 a factor of 3083?
False
Is 29848 a multiple of 26?
True
Is 40 a factor of 2802?
False
Does 13 divide 5118?
False
Is 24360 a multiple of 70?
True
Does 13 divide 17839?
False
Is 25 a factor of 14667?
False
Is 15777 a multiple of 9?
True
Is 38514 a multiple of 262?
True
Is 1172 a multiple of 2?
True
Does 69 divide 1035?
True
Does 221 divide 12860?
False
Is 106 a factor of 17964?
False
Is 54 a factor of 54?
True
Does 10 divide 18259?
False
Is 294 a multiple of 8?
False
Is 25 a factor of 825?
True
Does 11 divide 859?
False
Is 15294 a multiple of 21?
False
Is 713 a multiple of 49?
False
I